of m and 112.
8
Suppose -2*r - t = -939, r + 2*t = 686 - 212. What is the greatest common divisor of 27 and r?
9
Let r be 4 - (1 - 2/2). Suppose r*z - 7 = 149. Let i be (-3)/(-4)*988/57. What is the greatest common divisor of i and z?
13
Let f = -12990 - -13010. Let m(i) = -5*i + 6. Let r(u) = 30*u - 35. Let v(p) = -35*m(p) - 6*r(p). Let q be v(-4). What is the highest common divisor of q and f?
20
Suppose 2*s = 4*s - 4. Suppose 0*y - s*y + 308 = 0. Suppose 5*o = 4*a - 0*a + 86, -68 = -4*o + 3*a. Calculate the highest common divisor of y and o.
14
Let c = 10 - 3. Suppose -k - 3*w + 0*w + c = 0, -12 = -4*k + 4*w. Let l be 50*(k - (3 - 0)). Calculate the highest common divisor of 125 and l.
25
Suppose 3*v + 4*v = 525. Suppose v = -l + 6*l. Let k(n) = 2*n - 3. Let b be k(4). Calculate the highest common divisor of l and b.
5
Suppose 23*i - 105 = 2*i. Calculate the highest common divisor of 1 and i.
1
Let j(f) = -3*f - 32. Let w be j(-13). Suppose 5*y - 4*y + 4*q = 6, 5*y = 3*q + w. Calculate the greatest common factor of 26 and y.
2
Let g = 27 - 23. Suppose 3*l = -2*j + 28, -j + 4*j = -g*l + 39. What is the highest common factor of l and 3?
3
Let b be -1*(-36 + 1) - 1. Let c be (1 - 1) + (-2244)/(-66). What is the greatest common divisor of b and c?
34
Let a = 195 + -63. Suppose -26*u = -3623 + 3051. Calculate the greatest common divisor of u and a.
22
Let q(t) = -t**3 - 3*t**2 + 3*t + 5. Let k be q(-3). Let m = k + 7. Suppose m*f - 2 = -4*p + 40, -f + 4*p = 2. Calculate the highest common factor of 4 and f.
2
Let k = -7 + 14. Let p be (-9)/6 - (-9)/6. Let m = k - p. What is the greatest common divisor of m and 7?
7
Suppose 14*t = -2*v + 12*t + 124, 5*v - 5*t = 290. Let n be (-29)/(-2) - 1/(-2). What is the highest common divisor of v and n?
15
Suppose 4*v + 0*t - 5200 = 5*t, v = -2*t + 1287. Calculate the highest common divisor of 7 and v.
7
Let j(z) = z**3 - 10*z**2 + 11*z + 31. Let q be j(9). What is the greatest common divisor of q and 1?
1
Let g be 2/10 - 140/(-50). Suppose -2*r + 52 = -2*n, -g*r + 2*r + 4*n = -32. What is the highest common divisor of 120 and r?
24
Suppose 2*v = 1314 + 148. What is the highest common divisor of v and 172?
43
Suppose -4*q + 2*k - 3*k = -899, 0 = 3*q + 4*k - 684. What is the highest common factor of 14 and q?
14
Suppose 0 = l + 127 - 131. Let i be -9 + l + (-2 - -6) + 13. What is the greatest common divisor of i and 20?
4
Let w be 1/10*15*166/3. What is the highest common divisor of w and 913?
83
Let j(t) = t**3 - 14*t**2 + 15*t - 10. Let h be j(13). What is the highest common factor of h and 16?
16
Let t be (-150)/(-12) - 1/2. Let m = -47 + 107. What is the greatest common factor of m and t?
12
Let r be (-500)/7 - 15/(-35). Let t = -35 - r. What is the highest common divisor of t and 4?
4
Let h(o) = -o + 4. Let d be h(0). Let i be (-1)/4*0 + d. Suppose 10 = -2*r, 0*r + 19 = i*j + r. Calculate the greatest common divisor of 66 and j.
6
Let i be (-8 + (-48)/18)*(-54)/8. Calculate the greatest common divisor of i and 168.
24
Let j(z) = 95*z - 682. Let o be j(8). Let v(c) = -c**3 + 14*c**2 - 3*c - 13. Let d be v(13). What is the highest common factor of o and d?
39
Suppose 2*u - 47 = -2*z + 33, -u + 36 = -z. Calculate the highest common divisor of u and 2.
2
Let a = -234 + 238. What is the greatest common divisor of a and 6?
2
Let h(u) = 2*u + 10. Let r be h(-5). Suppose r*b - 175 = -2*x - 5*b, 3*b + 93 = x. What is the highest common divisor of 36 and x?
18
Let a = -223 - -227. Calculate the highest common divisor of a and 4.
4
Let p(j) = -3*j**2 - 4*j + 9. Let s(o) = -4*o**2 - 3*o + 9. Let w(x) = 3*p(x) - 2*s(x). Let g be w(-7). What is the highest common divisor of 1 and g?
1
Let z = 2 + -1. Let n(h) = h - 1. Let g(j) = -8*j - 19. Let a(y) = g(y) + 4*n(y). Let u be a(-8). Calculate the greatest common divisor of u and z.
1
Let j = -5 - -8. Let f be (-252)/(-35)*75/10. Suppose 2*i + 0*u + 3*u - f = 0, 5*i = -5*u + 125. Calculate the greatest common factor of j and i.
3
Let o be 29 - (-1 + (-5 - -3)). Suppose 59 = 2*n + 5*t, o = n - t + 6*t. Calculate the greatest common factor of n and 216.
27
Suppose 0 = k + 2*c - 102, c = 3*k - 410 + 104. Calculate the highest common divisor of 459 and k.
51
Suppose 0 = 4*h + 13 + 3. Let j be (-3)/((-3)/h - 1). Suppose 0 = 64*m - 6*m - 2088. Calculate the greatest common divisor of m and j.
12
Let t(g) = g**2 + 4*g + 1. Let p be (18/(-27))/(2/15). Let f be t(p). Suppose -8*y + 44 = -f*y. Calculate the greatest common factor of y and 110.
22
Suppose 2*l = -12*l + 7084. Calculate the greatest common factor of l and 46.
46
Suppose -4*w + w + 726 = 0. Let c = -12 + 20. Let n be ((-132)/c)/(6/(-8)). Calculate the highest common divisor of w and n.
22
Suppose -24 = -x - x. Let l(f) = -147*f - 139. Let i be l(-1). Calculate the greatest common factor of i and x.
4
Suppose 7216 = 29*o + 12*o. Calculate the greatest common divisor of 32 and o.
16
Let a = 52 - 49. Suppose -a*j - 4*j = -1225. What is the greatest common divisor of 25 and j?
25
Suppose 3*x - 17 - 61 = 0. Suppose 32*k - x*k = 30. What is the highest common factor of 60 and k?
5
Suppose -2 = -k + 20. Suppose 2*s = 50 - k. Suppose 25 = 3*y - 4*d - 46, -2*y = 3*d - 36. Calculate the highest common divisor of s and y.
7
Let g be (22/(-10) - -1)/(1292/95 + -14). Let x be 50/8 - 2/8. Let l(m) = m**2 - 3*m + 6. Let z be l(x). What is the highest common factor of z and g?
3
Let u(v) = -10*v**2 - 2*v - 4. Let f be u(-4). Let i be 3/(f/(-76) - 2). Let l = -25 + i. Calculate the highest common divisor of l and 48.
16
Let j(t) be the third derivative of t**5/30 - t**4/24 - 2*t**3/3 - t**2. Let l be j(4). Let k = -3 - -6. Calculate the highest common factor of k and l.
3
Let d be -9*(-1 - 19/3). Let v = 102 + -92. Suppose -4 = f - v. What is the greatest common factor of f and d?
6
Let b be (10/4)/((-24)/(-48)) - -9. Suppose 0 = 5*a - 3*a - 56. Calculate the highest common divisor of b and a.
14
Suppose -5*l - 7 = 8, 0 = -2*q - 2*l + 12. Let d = -534 - -606. What is the greatest common factor of q and d?
9
Let z be (3 + -18)/((0 + -3)/81). Calculate the highest common divisor of 15 and z.
15
Let q = 5 + -3. Suppose r = 5*r + 3*d - 55, 20 = 3*r - q*d. Suppose -9*i + 12 + 125 - 2 = 0. What is the highest common divisor of i and r?
5
Let a(v) = 4*v**3 - 2*v**2 + 27*v - 13. Let y be a(7). What is the highest common divisor of 25 and y?
25
Suppose 21*u - 10362 = -u. What is the highest common divisor of 6 and u?
3
Suppose 16 = -3*h + 4, 4*v - 5*h - 100 = 0. Let j(z) = -4*z - 6. Let k be j(10). Let w be k/(-10) + 10/25. Calculate the greatest common factor of w and v.
5
Let z be 2*4*(90/12)/15. Suppose 5*x + 2*n = z, -5*x + 3*n + 17 = -x. Let f = 7 + -1. What is the greatest common factor of f and x?
2
Let f = -18 - -31. What is the highest common factor of 338 and f?
13
Let u be 6 + -11 - (1 - 42). Calculate the highest common divisor of u and 16.
4
Let w(f) = -f**2 + 22*f + 111. Let k be w(26). Let v be 278/4 - 1/(-2). Calculate the greatest common divisor of v and k.
7
Let j(h) = -8*h + 92. Let k be j(0). Suppose k = 4*r + 5*b - 0*b, -20 = 5*b. Let x = -235 + 375. Calculate the greatest common divisor of r and x.
28
Let w = 812 + -730. Calculate the greatest common divisor of w and 779.
41
Let d = 907 + -872. What is the greatest common factor of 145 and d?
5
Let t(b) = b + 12. Let m be t(6). Let j(x) = x + 10. Let h be j(-9). Let f be -9*(h/(-1) - 2). Calculate the greatest common divisor of m and f.
9
Let f(l) = 4*l**2 + 14*l + 24. Let n be f(-6). Let d(o) = -o**2 - 16*o - 8. Let k be d(-8). What is the greatest common divisor of k and n?
28
Suppose -6*o + o = -25. Suppose 0 = o*r + 9 - 54. Suppose -2*j + 3 + r = 0. Calculate the greatest common factor of 2 and j.
2
Suppose 27*j = 25*j + 42. Let x = -357 - -525. What is the highest common divisor of j and x?
21
Let w(c) = -4*c**3 + 10*c**2 - 11 + 15*c + 3*c**3 - 22*c. Let i be w(9). Suppose -4*x + 46 + 10 = 0. Calculate the greatest common divisor of i and x.
7
Suppose -g + 3*x = -57, 2*g + 10 = x + 119. Calculate the highest common factor of 18 and g.
18
Let r(h) = 2*h**2 - 5*h - 1. Let w be r(4). Suppose -w = -d + 5*v, -d - 2*v + 1 = -17. Suppose -s = -2*s + d. Calculate the gr